et o(x) = 6*x - 10. Let b be o(-11). Let z = 129 + b. Is z a composite number?
False
Let m(x) = -3*x - 3. Let w be m(-2). Suppose 633 = 6*j - w*j. Is j a prime number?
True
Let v(m) = m**3 + m**2 - m + 2. Let i be v(0). Suppose -3*d = c - 4, -4*d + 16 - i = -3*c. Suppose 3*u - 22 = -2*a + d, 0 = 5*a + 15. Is u composite?
True
Is 1 - (-269 - (0 + -3)) composite?
True
Is (0 + 2/(-3))/((-22)/32703) a composite number?
False
Is (-5 - -4)*(-181 + -2) prime?
False
Let k be 2/(2/(-6) - -1). Is 230/k - 6/(-18) prime?
False
Let k(z) = 13*z**2 - 4*z. Let a(c) = -130*c**2 + 39*c. Let y(j) = 4*a(j) + 39*k(j). Let f be y(2). Let r = 3 - f. Is r composite?
True
Suppose 2*w + 4*q - 5*q - 1591 = 0, 25 = -5*q. Suppose -i - 3*i = 2*m - 306, 5*m - w = 4*i. Is m a composite number?
False
Let h(d) = -632*d**2 + 2*d + 1. Let v be h(-1). Is ((-6)/18)/(1/v) a prime number?
True
Is 80 + 1*4/(-4) composite?
False
Suppose 0 = -5*t - 32 - 88. Let z = t - -169. Is z a prime number?
False
Let c(y) = -5*y**3 - 20*y**2 - 36*y. Let t(r) = r**3 + 5*r**2 + 9*r. Let m(i) = -2*c(i) - 9*t(i). Is m(7) a composite number?
True
Suppose -75 = 5*i - 4*t, 5*i + 14 = -3*t - 26. Let a = i - -13. Suppose -4*m - 2*o = -118, -a*m + 2*o + 99 = m. Is m prime?
True
Suppose 9*b = 276 + 867. Is b a composite number?
False
Let m be (-21)/(-2 - (-6)/4). Suppose 5*n + 134 = p, -n = 5*p + 24 + 8. Let q = n + m. Is q a prime number?
False
Suppose 2*n - 3 = 7. Let i be (-2)/n + 107/5. Suppose -5*y + 131 = i. Is y prime?
False
Let n(x) = 11*x**2 - 2*x - 5. Is n(4) prime?
True
Let f(c) = 15*c**2 + 3*c - 5. Is f(7) a prime number?
True
Suppose -127 = -2*x + 211. Is x composite?
True
Suppose 0 = 3*g - w - 1007, g - 2*w = -0*w + 339. Is g a composite number?
True
Is (-4)/12 - 1970/(-15) composite?
False
Suppose 0*u = -2*u. Suppose -3*x + 4*x - 226 = u. Let p = -147 + x. Is p a prime number?
True
Suppose -2*t - 10 = -7*t. Let l = 5 - t. Is 7/l + (-2)/6 prime?
True
Let y be 10 + (2 + -1)/(-1). Suppose -5*g + 5*i = -80, g + 3*i - 3 = 5. Suppose 0 = a - y - g. Is a prime?
True
Let y(x) = 6*x**3 - 1. Suppose 4*z + 5*c - 9 = 0, 2*c = -5*z + 5*c + 2. Let j be y(z). Let i(v) = v**2 - v - 1. Is i(j) composite?
False
Let t(w) = -w**3 + 8*w**2 + 9*w. Let y be t(9). Suppose 4*m + 12 = y, a - 5*m - 611 = -a. Is a/8 + 2/(-8) a prime number?
True
Let u = 838 + -159. Is u a prime number?
False
Let h(m) = -m**2 + m. Let i(b) = -b**3 + 5*b**2 + b + 12. Let x(o) = 6*h(o) - i(o). Is x(11) a composite number?
False
Let x = 435 + 233. Let k = x + -373. Is k a prime number?
False
Let h = -46 - -225. Let f = 374 + h. Is f prime?
False
Let s = -26 - -15. Is (s/(-2))/(2/4) prime?
True
Let w(y) = -917*y**3 - y**2 + 1. Is w(-1) composite?
True
Suppose 3*y + 2*y - 5*j - 780 = 0, -5*j + 508 = 3*y. Is y prime?
False
Suppose -4*u + 15 = -9. Suppose -u*s + 4*s + 110 = 0. Is s prime?
False
Suppose 5*p - 1019 = -4*m, 0 = -3*p + p + 4*m + 402. Is p a composite number?
True
Let t(j) = j + 9. Let l = -15 - -8. Let d be t(l). Let w = 13 - d. Is w a composite number?
False
Let z(v) be the third derivative of v**5/6 - v**4/6 + 7*v**3/6 - 2*v**2. Is z(3) prime?
False
Let t(p) = 807*p**2 + p - 1. Is t(1) a composite number?
True
Suppose -5*y = -3*q - 5 - 8, 3*q = -3*y + 27. Is (2*1)/(q/282) a composite number?
True
Let g(p) = p - 3. Let o be g(4). Is 118 + (o - 3) + -1 prime?
False
Is 2701 - 6/(-9)*(8 - 2) a prime number?
False
Suppose 2*u + 1 + 1 = 0. Let x = 3 + u. Is (-1)/(1*x/(-50)) a composite number?
True
Suppose -64 - 569 = -3*x. Is x a prime number?
True
Let w = -150 + 39. Let u = 217 + w. Is u composite?
True
Let y = -70 - 16. Let f(j) = -61*j**3 - j + 1. Let m be f(1). Let o = m - y. Is o a composite number?
True
Let m = -478 - -1049. Is m a prime number?
True
Let c be 1/(3/189) + 3. Suppose s - c - 3 = 0. Is s a composite number?
True
Suppose 2*l = 5*g - 22, -2*l + 19 = -5*l + 4*g. Is (3/(-2) - l)*-238 a prime number?
False
Suppose 5*o - 588 = 47. Is o prime?
True
Suppose p = -3*k - 3*p + 871, -5*k - 5*p = -1450. Is k a prime number?
False
Let o(z) = 9*z**2 - 2*z + 5. Let j be ((-18)/(-12))/(6/(-8)). Let n = -2 + j. Is o(n) a composite number?
False
Suppose 8 + 27 = 5*w. Suppose 2*s = -5*z + w*s + 10, -12 = -z - 4*s. Suppose z*l = -g - 4 + 31, 0 = -5*l + 15. Is g a prime number?
False
Suppose -1160 = -5*y + 885. Is y a prime number?
True
Let b(p) = p**2 - 5*p + 3. Let t(f) = f + 3. Let m be t(3). Let g be m + (2 - (-1 + 3)). Is b(g) a prime number?
False
Let q = -263 + 681. Suppose -5*o + 0*z - q = z, z + 82 = -o. Let h = -25 - o. Is h a composite number?
False
Let d(p) = 9*p**3 - 3*p + 1. Is d(2) composite?
False
Let h be (-80)/44 - 2/11. Is (h - (-1 + 0)) + 90 prime?
True
Let v = -1 - 3. Let y be 8/(-4) - (v + -2). Is ((-12)/18)/(y/(-318)) composite?
False
Let p(m) = 2*m**2 + m - 5. Let g be p(-4). Suppose -5*u - g = -4*h + 93, 76 = 3*h - u. Let y = h - 5. Is y a prime number?
True
Suppose -4 = -3*c + 8. Let t = 4 - c. Suppose t*m = 4*m - 100. Is m prime?
False
Suppose -11 = -h + n, h - 3*n - 8 = 13. Is 662/h + (-10)/(-15) prime?
False
Let y(c) = 9*c**2 - 2*c - 1. Let r be y(-1). Suppose i + 23 = 167. Suppose r = 2*v, 4*v + i - 28 = 4*o. Is o prime?
False
Let h(a) = -153*a + 25. Is h(-8) a composite number?
False
Let n(x) = x**2 + 8*x + 7. Let z be n(-7). Suppose z = 5*m + 80 - 235. Is m a prime number?
True
Let g be -1 + -42*(-9)/(-6). Let r = g - -227. Is r prime?
True
Let o(z) = -z + 4. Let g be o(6). Let h be g*(-24 - (0 + 2)). Suppose 3*v + 2*s + 78 = 7*v, 5*s - h = -3*v. Is v a composite number?
False
Let f = 7 - -6. Let r = f - 9. Suppose -30 - 3 = -z + r*b, -3*z + 5*b = -134. Is z composite?
False
Is -2*(2 + (-390)/4) prime?
True
Let f = -1 + 4. Let b(a) = 5*a**3 - 3*a**2 + 3*a + 2. Is b(f) prime?
False
Let b(v) = -v**3 - 16*v**2 + 18*v + 24. Is b(-17) composite?
False
Is (2/(-6))/((-83692)/16737 + 5) a prime number?
True
Let h be 6/(-2)*(6 + -7). Suppose -h*y + 2*p = -4*y + 215, -227 = -y + p. Is y a composite number?
False
Let g = 105 - 540. Let n = -308 - g. Is n a composite number?
False
Is (-82)/1*(9/(-2) - -2) composite?
True
Let h(r) = 14*r + 11. Let c be h(12). Suppose 0 = -j + 5*w - 0*w + 172, j = -2*w + c. Is j prime?
False
Suppose 3*x + 3*d - 7*d + 4 = 0, 2*d = 2. Let q be (x + (-37)/2)*2. Let s = q - -88. Is s prime?
False
Suppose 136 = -o + 5*h + 580, 3*o - 1277 = 4*h. Is o prime?
True
Suppose 0 = m - 3, 5*m - 14 + 140 = -3*a. Let o = a - -68. Is o a composite number?
True
Suppose 2*b + 12 = 5*b. Suppose 750 = -5*n - 4*u, -b*n = 5*u + 835 - 235. Is n/(-22) - (-6)/33 composite?
False
Suppose 0 = -9*x + 7*x + 1082. Is x composite?
False
Let h(w) = -w + 7. Let a be h(5). Suppose -1 = -u + a*u. Is 37/2 - u/2 a prime number?
True
Let m = -20 - -12. Let d = m + 10. Suppose -4*o = 3*t + t - 60, -34 = -d*o - t. Is o composite?
False
Is (6 - 5)*(1 + 768) prime?
True
Let m(a) = 2 + 4 + 4*a - 5*a + 1 - a**2. Is m(0) composite?
False
Suppose 0*w + 3*w = 3*o + 21, 0 = -2*w + 3*o + 17. Suppose 0 = -0*n + w*n. Suppose -3*y + 2*s = -49, -5*y + n*y + s + 70 = 0. Is y a composite number?
False
Suppose 0 = 6*v - 8 - 4. Is (4045/10)/(1/v) a composite number?
False
Is (1 - 912)/((-4)/(8 + -4)) a prime number?
True
Let h = 6 - -24. Let t = 17 + h. Is t a prime number?
True
Let n(s) = 13*s**3 + 4*s**2 - 9*s + 7. Is n(5) composite?
True
Let l(j) = j - 1. Let n be l(0). Is n*-2*573/6 a composite number?
False
Suppose -2*o + 0 = 6. Let v(g) = -27*g + 2. Is v(o) a prime number?
True
Let r(q) = -q**2 + 4*q + 2. Let v be r(3). Suppose -v*u + 385 = -0*u. Is u prime?
False
Let u(o) = -48*o**3 + 4*o**2 + 7*o + 4. Is u(-3) a prime number?
False
Suppose 7*q - 7028 = 3*q. Suppose 3*b + 500 = q. Is b composite?
False
Is 9368/12 + (2 - 10/6) a composite number?
True
Let z be -1 + 3 - (-1 - -2). Let o be z/(-3) + (-10)/(-3). Suppose s - 90 = -t, o*t - 3*s - 304 + 4 = 0. Is t a prime number?
False
Suppose 5*m = 5*d, 3*d = 4*m + 2*d - 15. Suppose -101 = -3*u + m*o, 2*o + 183 = 5*u + o. Is u a prime number?
True
Let g = 3 - 1. Suppose -7*z + 2*z = -g*t - 77, 3*z - 47 = 2*t. Is z a prime number?
False
Let f(m) be the third derivative of -m**6/120 - m**5/10 + 2*m**3/3 - 2*m**2. Let d be f(-6). Suppose 65 = a + d*a. Is a prime?
True
Suppose 2*s = -s + 14